. What is the units digit of f?
2
Suppose -5*o = -0*o - 5*s - 24105, -o + 4816 = 4*s. What is the thousands digit of o?
4
Let y be (20/(-10))/(2/(-2)). Suppose -264 = q - 5*q - y*p, 2 = p. What is the units digit of q?
5
Let g = -801 - -2494. What is the tens digit of g?
9
Let g(c) = c**2 - 2*c + 7. Let f be g(3). Let v(q) = q - 2. Let l be v(0). Let p = l + f. What is the units digit of p?
8
Let h(p) = p. Let q(m) = 12. Let o(v) = h(v) - q(v). Let n be o(8). Let z(b) = 3*b**2 + 7*b + 12. What is the tens digit of z(n)?
3
Suppose -2*m - m = -102. Let l(j) = 4*j**2 + 3*j + 5. Let h be l(-4). Let w = h - m. What is the tens digit of w?
2
Let g be (-5 - -3) + 20*-1 - 3. Let a = g - -35. What is the tens digit of a?
1
Suppose -4*y + 9*y = 480. Let r = y + -7. What is the tens digit of r?
8
Suppose -3*c + 8463 = 4*a, -2*a = c - 6*c + 14079. Suppose c = 42*u - 33*u. What is the hundreds digit of u?
3
Let v be ((-354)/4)/((-20)/(-8) - 3). Suppose 47 - v = -2*j. What is the tens digit of j?
6
Let n be ((-4)/5)/((-1)/20). Let z = -12 + n. Suppose -z*g - 4*h = -73 - 27, 2*g - 2*h = 66. What is the tens digit of g?
2
Suppose 10*b - 5898 = -2388. What is the tens digit of b?
5
Let m = 25 - -132. Let l = m + -99. What is the units digit of (7/(-14))/((-1)/l)?
9
Let m(i) = 48*i - 100. What is the tens digit of m(19)?
1
Let z be -8 + 10 - (-3 + 1). Suppose -2*s = z*n - 22, 2*s + 3 = 4*n - 7. Suppose 2*x - 3*q - 149 = 0, -2*q - 71 = n*x - 345. What is the tens digit of x?
7
Let s(h) = h**2 + 4*h + 3. Let n be s(-4). Suppose 0 = 46*g - 48*g. Suppose u - n*u + 132 = g. What is the units digit of u?
6
Let o = 2368 + -401. What is the units digit of o?
7
Suppose 0 = 4*u + 2*w + 154, w - 4*w = -3*u - 120. What is the units digit of (-2249)/u - (-2)/(-3)?
7
Let z(f) be the second derivative of f**5/20 - f**4/4 + f**3/6 - f**2/2 + 2*f. Let t be z(2). What is the units digit of 1/(t/9) + 32?
9
Let f = 19 + -23. Let b be f/(-10) + (-130)/(-50). Suppose -34 - 32 = -b*y. What is the units digit of y?
2
Let z be (-58)/(-18) + 4/(-18). Let t(s) = s**3 + 2*s**2 - 3*s + 1. Let y be t(z). Let o = -20 + y. What is the tens digit of o?
1
Suppose -12*g = -15218 + 1586. What is the units digit of g?
6
Suppose 5*f = 5*w + 5, -2*w + 3*f + 3 = -0*w. Let n(b) = -7*b - 2. Let c(y) = -6*y - 1. Let h(d) = 4*c(d) - 3*n(d). What is the tens digit of h(w)?
2
Suppose 83*b - 246082 = b. What is the units digit of b?
1
Suppose 0 = j + 4*n - 850, 2*j - 3*n - 1716 = -7*n. What is the units digit of j?
6
Suppose 0 = 4*v + 74 - 254. What is the tens digit of v + (-8)/(2 + 0)?
4
Suppose 0 = 4*l - s - 2*s + 31, 2*s = 10. Let z = -1 - l. Suppose -p - 16 + 48 = -z*x, -5*p + 4*x = -160. What is the tens digit of p?
3
Let w = -2 - -6. Suppose -6*m = 196 - 1486. Suppose -m = w*d - 9*d. What is the units digit of d?
3
What is the hundreds digit of (177/6)/((-1896)/272 - -7)?
0
Let y(u) = -16*u + 28. Suppose -4*j + 3*i - 35 = 0, -2*j = 3*j + 5*i. What is the units digit of y(j)?
8
Suppose 3 = -13*u + 81. Suppose 2*n = 4*r - 834, r - 3*n = -u*n + 205. What is the tens digit of r?
0
Suppose 5*r - 3*n = -0*n + 522, -4*r + 418 = -2*n. Suppose -3*a = -0*a - r. What is the tens digit of a?
3
Suppose -2*t + 4*t = 18. Suppose -3*x = t, x = -2*j + 3*x + 270. What is the tens digit of j?
3
Let d(c) = -c**2 + 6*c + 11. Let f be d(7). Suppose f*x - 3*k - 48 = -4*k, -5*x + 63 = 2*k. What is the tens digit of x?
1
Suppose 7187 = 13*x - 2303. What is the tens digit of x?
3
Let l be (-9)/(((-15)/(-9))/5). Let p be (-1044)/l*3/2. Suppose -20 + p = i. What is the tens digit of i?
3
Suppose -2*p + 2*z = 0, 0*p + 2 = 4*p - 3*z. Suppose p + 2 = r. Suppose -4*x - 16 = 0, -25 = q - r*q + 4*x. What is the units digit of q?
3
Let r be (-85)/(-10) + (-1)/2. Suppose -5*z + r + 47 = 0. Suppose -z*n = -8*n - 75. What is the tens digit of n?
2
Suppose -4*d - 35 = -35. Suppose d = 3*z - 51 + 15. What is the units digit of z?
2
Let d(z) = 2*z**3 + 16*z**2 - 8*z - 7. What is the tens digit of d(-7)?
4
Suppose f - 19 + 4 = 0. Let n = -15 + f. What is the tens digit of 4 + (-108)/(-3 - n)?
4
Let r = 73 - -4. Let z = 124 + r. What is the hundreds digit of z?
2
Suppose -11*m - 8*m + 15599 = 0. What is the hundreds digit of m?
8
Suppose -8 + 23 = 5*m. Suppose 0 = m*w - 83 - 28. What is the tens digit of w?
3
Let z be (30/9)/((-3)/(-18)). Let i be 1804/28 - 8/(-14). Let h = i - z. What is the units digit of h?
5
Let i(k) = 2 - 36 - 37*k + 17*k - 10*k. What is the units digit of i(-4)?
6
Suppose a - 10*a + 8145 = 0. What is the tens digit of a?
0
Suppose -9*b + 1436 = -1750. What is the hundreds digit of b?
3
Let a(c) = -c**2 + 5*c + 1. Let o be a(4). Let p(y) = 2*y - y**3 - 2*y**2 + 2 + 0*y**3 + 2*y**3 - 3*y**2. What is the tens digit of p(o)?
1
Let s be -254 - (-5 - (-1)/1 - -3). Let i = 448 + s. What is the tens digit of i?
9
Let b = -107 - -155. Let z = -57 - -59. Suppose -z*x = -0*x - b. What is the tens digit of x?
2
Let i(m) = -20*m - 249. What is the hundreds digit of i(-32)?
3
Let j(r) = r**3 + 19*r**2 + 12*r + 40. What is the hundreds digit of j(-11)?
8
Suppose 83*c - 91*c + 6400 = 0. What is the hundreds digit of c?
8
Suppose 4*t - 28 = -4*z - t, 28 = 4*z - 3*t. Suppose o - 3*o = -24. Suppose w = z*w - o. What is the units digit of w?
2
Let q(o) = -o**2 + 6*o + 13. Let u be q(5). Let y = 47 - u. What is the tens digit of y?
2
Let u(v) = -41*v + 2. Let g(h) = 1. Let x(d) = g(d) + u(d). What is the units digit of x(-2)?
5
Let y be 1 + (22/2 - 3). Suppose -8*h = -y*h. Suppose -5*d + 150 = 5*a - h*d, -2*a - 4*d = -66. What is the units digit of a?
7
Let g be (-28)/(-42) - 2/3. Suppose g = 6*d + d - 385. What is the units digit of d?
5
Let z(w) = 36*w - 7. Let o be z(3). Let y = o - -50. What is the tens digit of y?
5
Let v(s) = s**3 + 35*s**2 + 69*s + 18. What is the thousands digit of v(-30)?
2
Suppose 42*t - y - 425 = 40*t, -5*y - 859 = -4*t. What is the units digit of t?
1
Suppose 3*s = 4*y - 63, -3*s = 2*y - 2*s - 19. Suppose -5*w = y*w - 2414. What is the hundreds digit of w?
1
Suppose 3*u - 3 = n, 4*n + 6 + 6 = 0. Suppose u = 8*w + w - 2421. What is the tens digit of w?
6
Suppose -1067*v + 1078*v = 22198. What is the thousands digit of v?
2
Let i(r) = r - 6*r + 0*r - 2. Let a be (5/(-2))/((-5)/(-10)). What is the units digit of i(a)?
3
Suppose 5*w = w + 396. Let b = w + -68. What is the units digit of -5 + b + (-2)/2?
5
Let p(j) = 5*j**3 - 10*j**2 - 9*j + 13. Let t(r) = 6*r**3 - 10*r**2 - 10*r + 14. Let c(s) = 7*p(s) - 6*t(s). What is the tens digit of c(-10)?
3
Let k = 880 + -456. Suppose 2*o = -166 + k. What is the units digit of o?
9
Suppose 2288 = 4*m + 5*c - 6*c, -1146 = -2*m + c. What is the tens digit of m?
7
Let i(o) = -o**3 - 12*o**2 - 25*o - 7. Let m be i(-10). Suppose -40*r = -m*r + 417. What is the units digit of r?
9
Let g(k) = 48*k**2 - 54*k - 467. What is the hundreds digit of g(-9)?
9
Let t(n) = -n + 5. Let x be t(-7). Suppose 4 = 2*o + b - 2, -4*b = 2*o - x. What is the units digit of o?
2
Suppose 30 = 10*c - 4*c. Suppose 10*r = c*r + 645. What is the hundreds digit of r?
1
Suppose -3*t - 3 = -3*h - 0, 3*h = -t + 15. Let c be 12/(h + (-58)/16). What is the units digit of ((-84)/(-48))/(2/c)?
8
Let g = 15 - 11. Suppose 0*o = -2*o + g. Suppose 3*v + o*v = 110. What is the units digit of v?
2
Let c(d) be the first derivative of -d**3/3 + 9*d**2/2 - 2*d + 2. Suppose -h + 2*h + 3*y = 8, -4*h + 15 = -5*y. What is the units digit of c(h)?
8
Suppose 2*z - 4*p - 58 = -3*z, 4*z - 47 = 3*p. What is the units digit of 4/z - (-2440)/35?
0
Let i(m) = 8*m**2 - 7*m - 6*m**3 + 2*m + 5*m**3 + 0*m**2. What is the tens digit of i(6)?
4
Let d(z) be the first derivative of -z**4/4 + z**2/2 + 3*z + 5. Let q be d(0). Suppose q*c - 34 = c. What is the tens digit of c?
1
Suppose 0 = 24*u - 29*u - 150. Let j = u + 56. What is the tens digit of j?
2
Suppose 17*c - 5504 = -15*c. What is the hundreds digit of c?
1
Suppose 0 = 4*u + 5 + 15. What is the hundreds digit of 371/3 + ((-5)/3)/u?
1
Let m(a) = a**3 - a**2 - 2*a - 9. What is the units digit of m(4)?
1
Let u(b) = -b**3 - 3*b**2 - 5*b - 2. Let z be u(-3). Suppose -15 = 5*y, 0 = -d - 4*y + z + 9. What is the tens digit of d?
3
Let h(x) = 2*x - 10. Let k be h(6). Suppose 4*c - 20 = -d 